{"id":3840,"date":"2024-05-27T16:27:21","date_gmt":"2024-05-27T14:27:21","guid":{"rendered":"https:\/\/cenematrasters.com\/?page_id=3840"},"modified":"2024-05-27T18:39:46","modified_gmt":"2024-05-27T16:39:46","slug":"mudances","status":"publish","type":"page","link":"https:\/\/cenematrasters.modula.tv\/?page_id=3840&lang=ca","title":{"rendered":"Mudances"},"content":{"rendered":"<div class=\"wpb-content-wrapper\">[vc_row et_full_width=&#8221;true&#8221; et_row_padding=&#8221;true&#8221; et_column_align=&#8221;align-center&#8221; css=&#8221;.vc_custom_1715070974326{margin-right: 0px !important;margin-bottom: 0px !important;margin-left: 0px !important;padding-right: 0px !important;padding-left: 0px !important;}&#8221;][vc_column offset=&#8221;vc_col-lg-12&#8243; css=&#8221;.vc_custom_1715071011153{margin-right: 0px !important;margin-bottom: 0px !important;margin-left: 0px !important;padding-right: 0px !important;padding-left: 0px !important;}&#8221;][vc_single_image image=&#8221;3843&#8243; img_size=&#8221;full&#8221; css=&#8221;.vc_custom_1716820174456{margin-right: 0px !important;margin-bottom: 0px !important;margin-left: 0px !important;padding-right: 0px !important;padding-left: 0px !important;}&#8221;][vc_separator color=&#8221;custom&#8221; border_width=&#8221;3&#8243; css=&#8221;.vc_custom_1715175672075{margin-bottom: 45px !important;}&#8221; accent_color=&#8221;#6dd300&#8243;][\/vc_column][\/vc_row][vc_row css=&#8221;.vc_custom_1715087817960{margin-bottom: 40px !important;}&#8221;][vc_column][vc_column_text css=&#8221;.vc_custom_1716820181801{margin-bottom: 60px !important;}&#8221; el_class=&#8221;grande verde&#8221;]\n<div class=\"page\" title=\"Page 2\">\n<div class=\"layoutArea\">\n<div class=\"column\">\n<h2 style=\"text-align: center;\">Com funciona?<\/h2>\n<\/div>\n<\/div>\n<\/div>\n[\/vc_column_text][vc_row_inner et_max_width=&#8221;&#8221; css=&#8221;.vc_custom_1715176713881{margin-right: 5% !important;margin-bottom: 0px !important;margin-left: 5% !important;}&#8221; el_class=&#8221;wrapper-secciones&#8221;][vc_column_inner el_class=&#8221;secciones dos&#8221; width=&#8221;1\/3&#8243; css=&#8221;.vc_custom_1715176074062{margin-right: 0px !important;margin-left: 0px !important;}&#8221;][vc_single_image image=&#8221;3844&#8243; img_size=&#8221;full&#8221; css=&#8221;&#8221;][\/vc_column_inner][vc_column_inner el_class=&#8221;secciones dos&#8221; width=&#8221;1\/3&#8243; css=&#8221;.vc_custom_1715176082149{margin-right: 0px !important;margin-bottom: 2% !important;margin-left: 0px !important;}&#8221;][vc_single_image image=&#8221;3845&#8243; img_size=&#8221;full&#8221; css=&#8221;&#8221;][\/vc_column_inner][vc_column_inner el_class=&#8221;secciones dos&#8221; width=&#8221;1\/3&#8243; css=&#8221;.vc_custom_1715176088400{margin-right: 0px !important;margin-bottom: 2% !important;margin-left: 0px !important;}&#8221;][vc_single_image image=&#8221;3846&#8243; img_size=&#8221;full&#8221; css=&#8221;&#8221;][\/vc_column_inner][\/vc_row_inner][\/vc_column][\/vc_row][vc_row et_full_width=&#8221;true&#8221; et_row_padding=&#8221;true&#8221; css=&#8221;.vc_custom_1715091462396{margin-bottom: 0px !important;}&#8221;][vc_column][vc_separator color=&#8221;custom&#8221; border_width=&#8221;3&#8243; css=&#8221;.vc_custom_1715175672075{margin-bottom: 45px !important;}&#8221; accent_color=&#8221;#6dd300&#8243;][vc_column_text css=&#8221;.vc_custom_1716820231081{margin-bottom: 60px !important;}&#8221; el_class=&#8221;grande&#8221;]\n<div class=\"page\" title=\"Page 2\">\n<div class=\"layoutArea\">\n<div class=\"column\">\n<h2 style=\"text-align: center;\">Necessites ajuda amb la mudan\u00e7a?<\/h2>\n<\/div>\n<\/div>\n<\/div>\n[\/vc_column_text][\/vc_column][\/vc_row][vc_row css=&#8221;.vc_custom_1579117484725{margin-bottom: 40px !important;}&#8221;][vc_column][vc_row_inner et_max_width=&#8221;&#8221; css=&#8221;.vc_custom_1715176713881{margin-right: 5% !important;margin-bottom: 0px !important;margin-left: 5% !important;}&#8221; el_class=&#8221;wrapper-secciones&#8221;][vc_column_inner el_class=&#8221;secciones dos&#8221; width=&#8221;1\/3&#8243; css=&#8221;.vc_custom_1715176074062{margin-right: 0px !important;margin-left: 0px !important;}&#8221;]\t<div id=\"et-content-carousel-103\" class=\"row et-content-carousel slick regular-padding  slider-contenido\" data-center=\"\" data-columns=\"1\" data-autoplay=\"\" data-fade=\"false\" data-autoplay-speed=\"\" data-pause=\"\" data-navigation=\"true\" data-pagination=\"\" data-infinite=\"false\">\n\t\t[vc_single_image image=&#8221;3537&#8243; img_size=&#8221;full&#8221; css=&#8221;&#8221; title=&#8221;MUDANZAS NACIONALES&#8221;][vc_column_text css=&#8221;&#8221; el_class=&#8221;secciones-desc2&#8243;]\n<p style=\"text-align: center;\">Sigui com sigui la teva mudan\u00e7a, gran o petita, Cenema Trasters disposa d&#8217;una xarxa de professionals que t&#8217;ajudaran amb el despla\u00e7ament de les teves pertinences a qualsevol rac\u00f3 d&#8217;Espanya.<\/p>\n[\/vc_column_text]\t<\/div>\n\t\t\n\t[\/vc_column_inner][vc_column_inner el_class=&#8221;secciones dos&#8221; width=&#8221;1\/3&#8243; css=&#8221;.vc_custom_1715176082149{margin-right: 0px !important;margin-bottom: 2% !important;margin-left: 0px !important;}&#8221;]\t<div id=\"et-content-carousel-970\" class=\"row et-content-carousel slick regular-padding  slider-contenido\" data-center=\"\" data-columns=\"1\" data-autoplay=\"\" data-fade=\"false\" data-autoplay-speed=\"\" data-pause=\"\" data-navigation=\"true\" data-pagination=\"\" data-infinite=\"false\">\n\t\t[vc_single_image image=&#8221;3538&#8243; img_size=&#8221;full&#8221; css=&#8221;&#8221; title=&#8221;MUDANZAS INTERNACIONALES&#8221;][vc_column_text css=&#8221;&#8221; el_class=&#8221;secciones-desc2&#8243;]\n<p style=\"text-align: center;\">Et mudes fora del territori espanyol? Cap problema! Els nostres professionals t&#8217;ajudaran amb el trasllat de les teves coses al teu nou dest\u00ed.<\/p>\n[\/vc_column_text]\t<\/div>\n\t\t\n\t[\/vc_column_inner][vc_column_inner el_class=&#8221;secciones dos&#8221; width=&#8221;1\/3&#8243; css=&#8221;.vc_custom_1715176088400{margin-right: 0px !important;margin-bottom: 2% !important;margin-left: 0px !important;}&#8221;]\t<div id=\"et-content-carousel-567\" class=\"row et-content-carousel slick regular-padding  slider-contenido\" data-center=\"\" data-columns=\"1\" data-autoplay=\"\" data-fade=\"false\" data-autoplay-speed=\"\" data-pause=\"\" data-navigation=\"true\" data-pagination=\"\" data-infinite=\"false\">\n\t\t[vc_single_image image=&#8221;3539&#8243; img_size=&#8221;full&#8221; css=&#8221;&#8221; title=&#8221;TRASLADO DE PAQUETER\u00cdA&#8221;][vc_column_text css=&#8221;&#8221; el_class=&#8221;secciones-desc2&#8243;]\n<p style=\"text-align: center;\">Tant si ets particular com si tens una empresa, Cenema t\u00e9 una opci\u00f3 per a tu. T&#8217;ajudem amb l&#8217;enviament, el trasllat i el lliurament de la teva mercaderia.<\/p>\n[\/vc_column_text]\t<\/div>\n\t\t\n\t[\/vc_column_inner][\/vc_row_inner][\/vc_column][\/vc_row][vc_row css=&#8221;.vc_custom_1579117484725{margin-bottom: 40px !important;}&#8221;][vc_column][vc_separator color=&#8221;custom&#8221; border_width=&#8221;3&#8243; css=&#8221;.vc_custom_1715175672075{margin-bottom: 45px !important;}&#8221; accent_color=&#8221;#6dd300&#8243;][vc_row_inner et_max_width=&#8221;&#8221; css=&#8221;.vc_custom_1715072095533{margin-right: 5% !important;margin-left: 5% !important;}&#8221; el_class=&#8221;wrapper-secciones&#8221;][vc_column_inner el_class=&#8221;secciones&#8221; width=&#8221;1\/3&#8243; css=&#8221;.vc_custom_1715071880154{margin-right: 0px !important;margin-left: 0px !important;}&#8221;][vc_single_image image=&#8221;3491&#8243; img_size=&#8221;full&#8221; css=&#8221;&#8221;][vc_column_text css=&#8221;&#8221; el_class=&#8221;secciones-desc&#8221;]Demana&#8217;ns pressupost sense comprom\u00eds!<br \/>\n[\/vc_column_text][vc_column_text css=&#8221;&#8221;]<a href=\"https:\/\/cenematrasters.modula.tv\/ca\/contacte\/\">DEMANAR PRESSUPOST<\/a>[\/vc_column_text][\/vc_column_inner][vc_column_inner el_class=&#8221;secciones&#8221; width=&#8221;1\/3&#8243; css=&#8221;.vc_custom_1715071890054{margin-right: 0px !important;margin-bottom: 2% !important;margin-left: 0px !important;}&#8221;][vc_single_image image=&#8221;3492&#8243; img_size=&#8221;full&#8221; css=&#8221;&#8221;][vc_column_text css=&#8221;&#8221; el_class=&#8221;secciones-desc&#8221;]\n<div class=\"page\" title=\"Page 2\">\n<div class=\"section\">\n<div class=\"layoutArea\">\n<div class=\"column\">\n<p>Troba aqu\u00ed tot el material per a la teva mudan\u00e7a<\/p>\n<\/div>\n<\/div>\n<\/div>\n<\/div>\n[\/vc_column_text][vc_column_text css=&#8221;&#8221;]<a href=\"https:\/\/cenematrasters.modula.tv\/ca\/botiga\/\">ANAR A LA BOTIGA<\/a>[\/vc_column_text][\/vc_column_inner][vc_column_inner el_class=&#8221;secciones&#8221; width=&#8221;1\/3&#8243; css=&#8221;.vc_custom_1715071899191{margin-right: 0px !important;margin-bottom: 2% !important;margin-left: 0px !important;}&#8221;][vc_single_image image=&#8221;3493&#8243; img_size=&#8221;full&#8221; css=&#8221;&#8221;][vc_column_text css=&#8221;&#8221; el_class=&#8221;secciones-desc&#8221;]\n<div class=\"page\" title=\"Page 2\">\n<div class=\"section\">\n<div class=\"layoutArea\">\n<div class=\"column\">\n<p>Troba el teu centre Cenema m\u00e9s pr\u00f2xim<\/p>\n<\/div>\n<\/div>\n<\/div>\n<\/div>\n[\/vc_column_text][vc_column_text css=&#8221;&#8221;]<a href=\"https:\/\/cenematrasters.modula.tv\/ca\/centres\/\">BUSCAR CENTRE<\/a>[\/vc_column_text][\/vc_column_inner][\/vc_row_inner][\/vc_column][\/vc_row]\n<\/div>","protected":false},"excerpt":{"rendered":"<p>[vc_row et_full_width=&#8221;true&#8221; et_row_padding=&#8221;true&#8221; et_column_align=&#8221;align-center&#8221; css=&#8221;.vc_custom_1715070974326{margin-right: 0px !important;margin-bottom: 0px !important;margin-left: 0px !important;padding-right: 0px !important;padding-left: 0px !important;}&#8221;][vc_column offset=&#8221;vc_col-lg-12&#8243; css=&#8221;.vc_custom_1715071011153{margin-right: 0px !important;margin-bottom: 0px !important;margin-left: 0px !important;padding-right: 0px !important;padding-left: 0px !important;}&#8221;][vc_single_image image=&#8221;3843&#8243; img_size=&#8221;full&#8221; css=&#8221;.vc_custom_1716820174456{margin-right: 0px !important;margin-bottom: 0px !important;margin-left: 0px !important;padding-right: 0px !important;padding-left: 0px !important;}&#8221;][vc_separator color=&#8221;custom&#8221; border_width=&#8221;3&#8243; css=&#8221;.vc_custom_1715175672075{margin-bottom: 45px !important;}&#8221; accent_color=&#8221;#6dd300&#8243;][\/vc_column][\/vc_row][vc_row css=&#8221;.vc_custom_1715087817960{margin-bottom: 40px !important;}&#8221;][vc_column][vc_column_text css=&#8221;.vc_custom_1716820181801{margin-bottom: [&hellip;]<\/p>\n","protected":false},"author":1,"featured_media":0,"parent":0,"menu_order":0,"comment_status":"closed","ping_status":"closed","template":"","meta":{"footnotes":""},"class_list":["post-3840","page","type-page","status-publish","hentry"],"_links":{"self":[{"href":"https:\/\/cenematrasters.modula.tv\/index.php?rest_route=\/wp\/v2\/pages\/3840","targetHints":{"allow":["GET"]}}],"collection":[{"href":"https:\/\/cenematrasters.modula.tv\/index.php?rest_route=\/wp\/v2\/pages"}],"about":[{"href":"https:\/\/cenematrasters.modula.tv\/index.php?rest_route=\/wp\/v2\/types\/page"}],"author":[{"embeddable":true,"href":"https:\/\/cenematrasters.modula.tv\/index.php?rest_route=\/wp\/v2\/users\/1"}],"replies":[{"embeddable":true,"href":"https:\/\/cenematrasters.modula.tv\/index.php?rest_route=%2Fwp%2Fv2%2Fcomments&post=3840"}],"version-history":[{"count":4,"href":"https:\/\/cenematrasters.modula.tv\/index.php?rest_route=\/wp\/v2\/pages\/3840\/revisions"}],"predecessor-version":[{"id":3911,"href":"https:\/\/cenematrasters.modula.tv\/index.php?rest_route=\/wp\/v2\/pages\/3840\/revisions\/3911"}],"wp:attachment":[{"href":"https:\/\/cenematrasters.modula.tv\/index.php?rest_route=%2Fwp%2Fv2%2Fmedia&parent=3840"}],"curies":[{"name":"wp","href":"https:\/\/api.w.org\/{rel}","templated":true}]}}